{"id":1328,"date":"2025-03-11T15:08:00","date_gmt":"2025-03-11T12:08:00","guid":{"rendered":"https:\/\/tahribatsizmuayene.com.tr\/?page_id=1328"},"modified":"2025-03-11T15:10:01","modified_gmt":"2025-03-11T12:10:01","slug":"musteri-geri-beslemesi-ve-sikayetlerinin-degerlendirilmesi-proseduru","status":"publish","type":"page","link":"https:\/\/tahribatsizmuayene.com.tr\/index.php\/musteri-geri-beslemesi-ve-sikayetlerinin-degerlendirilmesi-proseduru\/","title":{"rendered":"M\u00fc\u015fteri Geri Beslemesi ve \u015eikayetlerinin De\u011ferlendirilmesi Prosed\u00fcr\u00fc"},"content":{"rendered":"<div class=\"wpb-content-wrapper\"><p>[vc_row][vc_column][vc_raw_html css=&#8221;&#8221; css_params=&#8221;&#8221;]JTNDaWZyYW1lJTIwc3JjJTNEJTIyaHR0cHMlM0ElMkYlMkZ5ZW5pLnNhZmVydGVrbmlrLmNvbSUyRndwLWNvbnRlbnQlMkZ1cGxvYWRzJTJGMjAyNSUyRjAzJTJGU0ZSLVBSLjAwNi1NdXN0ZXJpLUdlcmktQmVzbGVtZXNpLXZlLVNpa2F5ZXRsZXJpbmluLURlZ2VybGVuZGlyaWxtZXNpLVByb3NlZHVydS1SZXYwMy0yLnBkZiUyMiUyMHdpZHRoJTNEJTIyMTQwMCUyMiUyMGhlaWdodCUzRCUyMjIwMDAlMjIlMjBmcmFtZWJvcmRlciUzRCUyMjAlMjIlMjBtYXJnaW5oZWlnaHQlM0QlMjIwJTIyJTIwbWFyZ2lud2lkdGglM0QlMjIwJTIyJTNFWSVDMyVCQ2tsZW5peW9yJUUyJTgwJUE2JTNDJTJGaWZyYW1lJTNF[\/vc_raw_html][\/vc_column][\/vc_row]<\/p>\n<\/div>","protected":false},"excerpt":{"rendered":"<p>[vc_row][vc_column][vc_raw_html css=&#8221;&#8221; css_params=&#8221;&#8221;]JTNDaWZyYW1lJTIwc3JjJTNEJTIyaHR0cHMlM0ElMkYlMkZ5ZW5pLnNhZmVydGVrbmlrLmNvbSUyRndwLWNvbnRlbnQlMkZ1cGxvYWRzJTJGMjAyNSUyRjAzJTJGU0ZSLVBSLjAwNi1NdXN0ZXJpLUdlcmktQmVzbGVtZXNpLXZlLVNpa2F5ZXRsZXJpbmluLURlZ2VybGVuZGlyaWxtZXNpLVByb3NlZHVydS1SZXYwMy0yLnBkZiUyMiUyMHdpZHRoJTNEJTIyMTQwMCUyMiUyMGhlaWdodCUzRCUyMjIwMDAlMjIlMjBmcmFtZWJvcmRlciUzRCUyMjAlMjIlMjBtYXJnaW5oZWlnaHQlM0QlMjIwJTIyJTIwbWFyZ2lud2lkdGglM0QlMjIwJTIyJTNFWSVDMyVCQ2tsZW5peW9yJUUyJTgwJUE2JTNDJTJGaWZyYW1lJTNF[\/vc_raw_html][\/vc_column][\/vc_row]<\/p>\n","protected":false},"author":1,"featured_media":0,"parent":0,"menu_order":0,"comment_status":"closed","ping_status":"closed","template":"","meta":{"footnotes":""},"class_list":["post-1328","page","type-page","status-publish","hentry"],"_links":{"self":[{"href":"https:\/\/tahribatsizmuayene.com.tr\/index.php\/wp-json\/wp\/v2\/pages\/1328","targetHints":{"allow":["GET"]}}],"collection":[{"href":"https:\/\/tahribatsizmuayene.com.tr\/index.php\/wp-json\/wp\/v2\/pages"}],"about":[{"href":"https:\/\/tahribatsizmuayene.com.tr\/index.php\/wp-json\/wp\/v2\/types\/page"}],"author":[{"embeddable":true,"href":"https:\/\/tahribatsizmuayene.com.tr\/index.php\/wp-json\/wp\/v2\/users\/1"}],"replies":[{"embeddable":true,"href":"https:\/\/tahribatsizmuayene.com.tr\/index.php\/wp-json\/wp\/v2\/comments?post=1328"}],"version-history":[{"count":2,"href":"https:\/\/tahribatsizmuayene.com.tr\/index.php\/wp-json\/wp\/v2\/pages\/1328\/revisions"}],"predecessor-version":[{"id":1331,"href":"https:\/\/tahribatsizmuayene.com.tr\/index.php\/wp-json\/wp\/v2\/pages\/1328\/revisions\/1331"}],"wp:attachment":[{"href":"https:\/\/tahribatsizmuayene.com.tr\/index.php\/wp-json\/wp\/v2\/media?parent=1328"}],"curies":[{"name":"wp","href":"https:\/\/api.w.org\/{rel}","templated":true}]}}