{"id":941,"date":"2024-01-28T02:02:46","date_gmt":"2024-01-28T02:02:46","guid":{"rendered":"http:\/\/sw-themes.com\/porto_dummy\/?page_id=941"},"modified":"2025-03-10T18:03:28","modified_gmt":"2025-03-10T15:03:28","slug":"agir-metal-olcumu","status":"publish","type":"page","link":"https:\/\/tahribatsizmuayene.com.tr\/index.php\/ortam-olcumleri\/agir-metal-olcumu\/","title":{"rendered":"A\u011eIR METAL \u00d6L\u00c7\u00dcM\u00dc"},"content":{"rendered":"<div class=\"wpb-content-wrapper\"><p>[vc_row content_placement=&#8221;middle&#8221; height=&#8221;auto&#8221; bg_type=&#8221;bg_color&#8221; bg_color_value=&#8221;#efefef&#8221; css=&#8221;.vc_custom_1496606800428{padding-top: -50px !important;padding-bottom: -50px !important;}&#8221;][vc_column][vc_empty_space height=&#8221;20px&#8221;][vc_column_text]\u0130\u015fyerlerinde i\u015fin yap\u0131lmas\u0131 esnas\u0131nda ne ile \u00e7al\u0131\u015f\u0131rsan\u0131z \u00e7al\u0131\u015f\u0131n ortamda zararl\u0131 gazlar, tozla ve metaller olabilir. \u00d6zellikle a\u011f\u0131r sanayi dedi\u011fimiz bir\u00e7ok de\u011fi\u015fken ve bile\u015fenin olabilece\u011fi i\u015fyerlerinde, fabrika, maden veya \u015fantiyelerde kar\u015f\u0131m\u0131za \u00e7\u0131kan ve ancak \u00f6zel laboratuvar cihazlar\u0131 ile \u00f6l\u00e7\u00fcm\u00fc yap\u0131labilen a\u011f\u0131r metaller bulunmakta ve i\u015f\u00e7inin hem o anda hem de uzun vade de meslek hastal\u0131\u011f\u0131 kapmas\u0131na neden olmaktad\u0131r.[\/vc_column_text][vc_empty_space height=&#8221;0px&#8221;][\/vc_column][\/vc_row][vc_row height=&#8221;auto&#8221; css=&#8221;.vc_custom_1495988000222{margin-top: 0px !important;}&#8221;][vc_column][vc_empty_space height=&#8221;20px&#8221;][vc_column_text]\u0130\u015f G\u00fcvenli\u011fi Kanunu ve ilgili y\u00f6netmeliklerde zorunlu tutulan ve i\u015fyerinin durumuna g\u00f6re istenen bu \u00f6l\u00e7\u00fcmlerde \u00a0A\u011f\u0131r Metal \u00f6l\u00e7\u00fcm ve analizleri (Sb, As, Ba, Be, Cd, Cr, Co, Cu, Pb, Mn, Hg, Ni, Ag, Tl, Zn) m\u00fchendislerimizce yap\u0131lmakta ve a\u011f\u0131r metal durumu raporlanmaktad\u0131r.<\/p>\n<ol>\n<li>Kur\u015fun<\/li>\n<li>Kadmiyum<\/li>\n<li>Civa<\/li>\n<li>Aluminyum<\/li>\n<li>Arsenin<\/li>\n<li>Krom<\/li>\n<\/ol>\n<p>Durumu ve y\u00fczdelerine bak\u0131l\u0131r. Peki bu metaller nas\u0131l zararlar verebilirler k\u0131saca bahsedecek olursak, Kur\u015funun insan kemikleirnde eski insanlara g\u00f6re en az 500 kat daha fazla kur\u015fun bulundu\u011funu ve kemiklerde biriken bu kur\u015funun b\u00f6breklerde tahribata, beyin ve sinir sistemlerinde hastal\u0131k derecesinde etkilenmelere, anemiye, kan bas\u0131nc\u0131nda ve gaz\u0131nda anormalliklere, kad\u0131nlarda d\u00fc\u015f\u00fcklere, \u00e7ocuklarda davran\u0131\u015f bozuklu\u011fu, \u00f6\u011frenme g\u00fc\u00e7l\u00fc\u011f\u00fcne neden olmaktad\u0131r. Ve ne yaz\u0131k ki v\u00fccuttan at\u0131lma \u015fans\u0131 da yoktur.<\/p>\n<p>Kadmiyum en tehlikeli ve toksik maddelerden biridir. \u0130shal, kar\u0131n a\u011fr\u0131s\u0131, kemik k\u0131r\u0131lmalar\u0131, \u00fcreme bozukluklar\u0131 ve ba\u011f\u0131\u015f\u0131kl\u0131k sisteminde hasar meydana getirir. Civa Sinir sisteminin bozulmas\u0131n\u0131 sa\u011flayan en a\u011f\u0131r metallerden biridir. Aluminyum akci\u011fer ve sinir sistemine ve dolay\u0131s\u0131 ile akci\u011fer kanserine neden olmaktad\u0131r. Arsenik solundu\u011funda g\u00fc\u00e7l\u00fc bir kanserojen olan arsenik ba\u011f\u0131rsaklar\u0131 ve karci\u011feri tahrip eder, kromda kan dola\u015f\u0131m\u0131, b\u00f6brek, karaci\u011fer hasarlar\u0131na \u015fimdi olmasa bile ileriki y\u0131llarda \u00e7aresi olmayan meslek hastal\u0131klar\u0131na neden olabilir.[\/vc_column_text][vc_empty_space height=&#8221;10px&#8221;][\/vc_column][\/vc_row]<\/p>\n<\/div>","protected":false},"excerpt":{"rendered":"<p>[vc_row content_placement=&#8221;middle&#8221; height=&#8221;auto&#8221; bg_type=&#8221;bg_color&#8221; bg_color_value=&#8221;#efefef&#8221; css=&#8221;.vc_custom_1496606800428{padding-top: -50px !important;padding-bottom: -50px !important;}&#8221;][vc_column][vc_empty_space height=&#8221;20px&#8221;][vc_column_text]\u0130\u015fyerlerinde i\u015fin yap\u0131lmas\u0131 esnas\u0131nda ne ile \u00e7al\u0131\u015f\u0131rsan\u0131z \u00e7al\u0131\u015f\u0131n ortamda zararl\u0131 gazlar, tozla ve metaller olabilir. \u00d6zellikle a\u011f\u0131r sanayi dedi\u011fimiz bir\u00e7ok de\u011fi\u015fken ve bile\u015fenin olabilece\u011fi i\u015fyerlerinde, fabrika, maden veya \u015fantiyelerde kar\u015f\u0131m\u0131za \u00e7\u0131kan ve ancak \u00f6zel laboratuvar cihazlar\u0131 ile \u00f6l\u00e7\u00fcm\u00fc yap\u0131labilen a\u011f\u0131r metaller bulunmakta ve i\u015f\u00e7inin hem [&hellip;]<\/p>\n","protected":false},"author":1,"featured_media":0,"parent":17,"menu_order":0,"comment_status":"closed","ping_status":"closed","template":"","meta":{"footnotes":""},"class_list":["post-941","page","type-page","status-publish","hentry"],"_links":{"self":[{"href":"https:\/\/tahribatsizmuayene.com.tr\/index.php\/wp-json\/wp\/v2\/pages\/941","targetHints":{"allow":["GET"]}}],"collection":[{"href":"https:\/\/tahribatsizmuayene.com.tr\/index.php\/wp-json\/wp\/v2\/pages"}],"about":[{"href":"https:\/\/tahribatsizmuayene.com.tr\/index.php\/wp-json\/wp\/v2\/types\/page"}],"author":[{"embeddable":true,"href":"https:\/\/tahribatsizmuayene.com.tr\/index.php\/wp-json\/wp\/v2\/users\/1"}],"replies":[{"embeddable":true,"href":"https:\/\/tahribatsizmuayene.com.tr\/index.php\/wp-json\/wp\/v2\/comments?post=941"}],"version-history":[{"count":2,"href":"https:\/\/tahribatsizmuayene.com.tr\/index.php\/wp-json\/wp\/v2\/pages\/941\/revisions"}],"predecessor-version":[{"id":1216,"href":"https:\/\/tahribatsizmuayene.com.tr\/index.php\/wp-json\/wp\/v2\/pages\/941\/revisions\/1216"}],"up":[{"embeddable":true,"href":"https:\/\/tahribatsizmuayene.com.tr\/index.php\/wp-json\/wp\/v2\/pages\/17"}],"wp:attachment":[{"href":"https:\/\/tahribatsizmuayene.com.tr\/index.php\/wp-json\/wp\/v2\/media?parent=941"}],"curies":[{"name":"wp","href":"https:\/\/api.w.org\/{rel}","templated":true}]}}